- 5*l + 3*l + 5*l - 2*l. Let u be n(11). Calculate j(u).
-9
Let f(y) = -53*y + 4. Let c(o) = 103*o - 7. Let z(h) = -4*c(h) - 7*f(h). Determine z(1).
-41
Let j(m) = -2*m**2 + 4*m + 1. Let c = 15 - 10. Suppose -c*z + f + 30 = -f, 5*f + 9 = -4*z. Suppose 7*u = z*u + 9. Determine j(u).
-5
Let y(x) be the second derivative of -x**4/12 - 7*x**3/6 - 3*x**2/2 + 56*x. Let r(s) = 8*s + 1. Let i be r(-1). Give y(i).
-3
Let n be (3 - 3)/4*-1 - 4. Let x(q) = -q**3 - 2*q**2 + 5*q - 2. Determine x(n).
10
Let g(m) be the second derivative of -m**4/12 - 5*m**3/6 - 89*m. Suppose 0 = 5*h - 9 + 49. Let r = 5 + h. What is g(r)?
6
Let x be (-1 + 1)/(-3) + -3. Let c(q) = -10*q + 16. Let r(y) = y - 2. Let i(t) = c(t) + 8*r(t). What is i(x)?
6
Let w(y) = -9 - 398*y**2 - 5*y + 397*y**2 - 4*y. Give w(-7).
5
Let s(d) = 2*d - 24. Let m(x) = x - 12. Let q(k) = -7*m(k) + 4*s(k). Let o(i) be the first derivative of -i - 11. Let c(v) = 5*o(v) - q(v). What is c(5)?
2
Let t(n) be the first derivative of n**3/3 + 7*n**2/2 - 8*n - 136. Give t(-5).
-18
Let v be (-2 + 12)*-2 - (-33)/11. Let k(m) = -10*m - 10. Let z(c) = 30*c + 28. Let q(u) = v*k(u) - 6*z(u). Determine q(2).
-18
Let a be (-8)/(-6)*(-6)/(-4)*2. Let p(f) = 2*f**2 - 2*f - 15. Let o(j) = j**2 - j - 7. Let k(y) = 7*o(y) - 3*p(y). What is k(a)?
8
Let o(b) be the third derivative of -b**4/6 + 5*b**3/3 + 91*b**2. Give o(3).
-2
Let q(g) = -g - 1. Suppose 4*i - 5*j = 37, 2*j = 3*i - 18 - 1. Let o be (-30)/(-5)*2/i. Suppose 4*n - o = 3*n + 3*z, 4*z + 16 = -4*n. What is q(n)?
1
Let o(p) = -2*p - 2. Let j(c) be the second derivative of c**4/6 - 53*c**3/6 - 12*c**2 - 23*c. Let a be j(27). Calculate o(a).
-8
Let o(g) be the third derivative of -g**6/60 + g**5/30 - g**3/6 + 5*g**2. Suppose 3*j + 100 = 5*r, 3*j + 2*j = 3*r - 172. Let k = j + 36. Determine o(k).
-1
Suppose 0 = -4*c - 10 + 14. Let k(p) be the first derivative of -5*p**3/3 + p**2/2 - 2. What is k(c)?
-4
Let x(s) = s**3 + 12*s - 3. Let q(w) = 2*w**3 + w**2 + 25*w - 6. Let h(p) = 6*q(p) - 13*x(p). Calculate h(4).
11
Let i(y) = -y. Suppose 209 = -3*j + 194. What is i(j)?
5
Let k(f) be the third derivative of 5*f**4/24 + 5*f**2. Let v = -32 - -27. Let g be (v + 9)*2/(-4). Determine k(g).
-10
Let u = -558 + 559. Let k(y) = -2*y**2 - y + 2. Calculate k(u).
-1
Let h(c) = -c**2 + 7*c + 10. Let m = 1597 + -2248. Let o be 2/(-7) + -6 + m/(-49). Calculate h(o).
10
Let m be 7 + (20/(-6) - (-3)/9). Let q(j) be the second derivative of -2*j**2 + 6*j - 1/6*j**3 + 1/12*j**m + 0. Give q(-4).
16
Let d(c) = -32 - 9*c + 3*c + 35 - 3*c + c**2. Calculate d(9).
3
Let i(h) = -9*h + 17. Let k be i(9). Let a be (-3)/(-6)*k/(-4). Let u(r) = -r**2 + 9*r - 3. Determine u(a).
5
Let f(c) = -21*c + 175. Let n be f(8). Let u(p) = p**2 + 8*p + 9. Let t be u(-7). Let i(q) = q + 0*q - t*q. What is i(n)?
-7
Let b(o) = o**3 + 2*o**2 - 5*o - 8. Let v be b(-2). Let d(z) = -v*z**3 + 3*z - 2 - 6*z**2 + 3*z**3 + 3*z**2 - 1. What is d(2)?
-1
Let g(i) = -i**2 - 7*i + 1. Let d be g(-7). Let l(r) be the third derivative of 11*r**2 - 1/6*r**3 - 1/3*r**4 + 0 + 0*r. Determine l(d).
-9
Let d(c) = c**3 - 2*c**2 + 2*c. Suppose -43*l - 5*f = -45*l - 16, -5*f + 26 = 3*l. Give d(l).
4
Suppose 0 = -2*u - 4*x - 6, -5*u - 12 + 4 = 3*x. Let m(q) = -5*q**2 + 5*q - 10. Let z(s) = -s**2 - s - 1. Let y(k) = u*m(k) + 4*z(k). Give y(8).
-2
Let j(r) = -4 + 3 + 2*r + 0 + 8 - r**2. Suppose 0 = -12*m + 5*m + 14. Let o be -2 + (-147)/14*m/(-3). Determine j(o).
-8
Suppose 5*f + 2 = -i, i + 1 = -f - 3*f. Let g(t) be the first derivative of 3*t**2/2 - 1171. What is g(i)?
9
Let m(u) = u**2 - 3*u - 23. Let t(l) = l**2 - 5*l - 27. Let k(h) = 3*m(h) - 2*t(h). What is k(7)?
41
Let p(w) = w**2 + 2*w - 3. Suppose 129 - 9 = 10*d. Suppose -7*h - d = 16. Calculate p(h).
5
Suppose -d - 9 + 11 = 0. Let o(f) = 4*f**2 - 6*f**2 + f**3 + 10*f - 6*f**2 + d. Give o(7).
23
Let c(j) = -2*j**2 + 8*j + 1. Let h = -273 - -277. Calculate c(h).
1
Let l(u) be the first derivative of u**4/4 + 7*u**3/3 - 9*u**2/2 - 18*u + 214. Calculate l(-8).
-10
Let s(x) = 76 + 75 + 4*x**2 + 75 + 4*x + 4*x**2 - 228 + x**3. What is s(-7)?
19
Let c(l) = l**3 + 7*l**2 + 8*l - 3. Suppose 6*y = -12 - 24. What is c(y)?
-15
Let j(p) = -p**3 + 7*p**2 + 9*p - 6. Let f be j(8). Suppose -f*h - 2*h = -4. Let k(g) = -2 - h + 3*g - 1 - 2*g. Give k(5).
1
Let i(u) = -5*u - 35. Let h(t) = 4*t + 26. Let n(o) = -4*h(o) - 3*i(o). Let c be 2*3 + 0 + -1. Give n(c).
-4
Let p = -2557 + 2558. Let v(x) be the first derivative of 3*x**4/4 - x**2/2 + x - 2. Give v(p).
3
Suppose -2*n - 2 = h - 5, 2*h = 4*n - 10. Let c(j) = -7 - 4 + 8 + 5 + 4*j + 7*j**n. Give c(-2).
22
Let z(b) = b**3 - b - 1. Suppose -212*g + 42 = -198*g. Determine z(g).
23
Let n(y) be the first derivative of -y**4/4 + 2*y**3 - 2*y**2 + 3*y - 697. Give n(5).
8
Let z(h) = h - 3. Let y = 26 - -16. Suppose -9*q + 12 = -y. What is z(q)?
3
Let r(k) = -6*k**3 + k**2 - k - 1. Let o(l) = -22*l + 8*l + 18*l - 13. Let x be o(3). Give r(x).
7
Let f(g) = 2*g**2 - 8*g + 44. Let b be f(6). Let j = 70 - b. Let s(x) = x**2 - 1. Determine s(j).
3
Let j(t) = 0*t**2 - 2*t**2 - 6*t**3 + 1 + 0. Let g = -1 - -10. Let d = g + -8. Give j(d).
-7
Let y(k) = -2*k**2 - 4*k - 1. Suppose -31 = 2*r - 33. Let t be y(r). Let h(i) = -6 - i - 4 + 9*i - i**3 - 6*i**2. What is h(t)?
-17
Let c(i) = 2*i**3 - 3*i - 1. Let n be c(-2). Let j(r) = -r**2 - 11*r + 1. Let z be j(n). Let q(k) = 3*k + z + 5 - 6 - 3. Determine q(2).
3
Let b = 28 - 41. Let j = 21 + b. Let g(l) = -2*l**2 + 7 + l**2 - j*l - 14. What is g(-5)?
8
Suppose -w + 13 = 4*l - 2*w, -3*l = w - 1. Let t(v) = -v + 3. Let i be t(0). Let j(r) = -3*r - 2*r**3 + l*r - 2 + 3 + r**i. Calculate j(0).
1
Let r(k) be the second derivative of -k**4/12 - 9*k**2/2 + 750*k. What is r(0)?
-9
Let g(b) be the second derivative of -b**4/2 + 344*b. Give g(-1).
-6
Let a = 49 + -26. Let i(n) = 6 + a*n - 10*n - 14*n. What is i(5)?
1
Suppose 2*v - 4 = 3*v, -5*q - 2*v = -32. Suppose 3*z + 5 = q. Let g(k) = -3*k - k + 3*k. Give g(z).
-1
Let h = 23 + -15. Let m(q) = q**2 - 7*q - 2. Let g be m(h). Let d(z) = -2*z + 4 + 3 - 1. Calculate d(g).
-6
Suppose -126 = -4*t - 5*t. Let h(n) = n**2 - 14*n - 7. Give h(t).
-7
Let u(s) = 3*s**2 - 8*s + 14. Let k be u(3). Let l = -17 + k. Let h(t) = -t + 16. Calculate h(l).
16
Let z(x) = -x**2 - 9*x + 8. Suppose -51*a + 57*a = -48. Calculate z(a).
16
Let l(y) = y**3 + 7*y**2 + 9*y + 6. Let j(t) = 7*t + 197. Let k be j(-29). Give l(k).
-12
Let o(d) be the third derivative of d**6/120 - d**5/15 + 5*d**4/24 - 2*d**3/3 - 3*d**2 - d. Give o(3).
2
Let p(t) = 3*t**2 - 3*t + 0*t + 473 - 467. Let i be p(2). Let z(r) = -r**3 + 11*r**2 + 13*r - 15. What is z(i)?
-3
Let b(k) = k**2 - k - 1. Suppose -6*w = -11*w + 20. What is b(w)?
11
Let i = -67 - -77. Let v(c) = c + 8. What is v(i)?
18
Let v(q) = -20*q + 13. Let c(d) = -7*d. Let r(z) = -3*c(z) + v(z). Give r(-5).
8
Let l(n) = 6*n**2 + 10*n - 11. Let o(u) = u**2 + u - 1. Let x(t) = -l(t) + 5*o(t). Calculate x(-7).
-8
Let g(q) be the second derivative of -5/2*q**2 + 0 + 3*q - 1/12*q**4 + q**3. Give g(4).
3
Let m be 2/6 - (-30)/(-9). Let x(f) = -2*f**2 + 6*f**2 + f**3 - 41*f + 20*f + 1 + 23*f. What is x(m)?
4
Let o(f) = -6*f + f**2 - 2*f**2 - f - 29 + 0*f + 26. Give o(-7).
-3
Let p(t) be the second derivative of 7*t**4/12 - t**3/3 + t**2/2 + 114*t. Give p(1).
6
Let y(w) = 16*w**2 - 16*w + 49. Let t(j) = 3*j**2 - 3*j + 10. Let l(q) = -11*t(q) + 2*y(q). Let f be (1 - (0 + 0))*7. Let d = f + -7. Give l(d).
-12
Suppose 0 = k - 4*k - 15. Let u(w) = -w**2 - 6*w - 3. Let t be u(k). Let o(q) = 8 + 7*q - 5*q**2 + 5*q**2 + 3*q + 2*q**t. What is o(-6)?
20
Let v(c) = 3*c - 5. Suppose 4*o + 53 - 65 = h, -2*o + h + 6 = 0. Give v(o).
4
Let w(v) = v**2 + 8*v - 6. Let t(p) = -p**3 + 15*p**2 + 34*p - 5. Let k be t(17). Determine w(k).
-21
Let b(u) = -u**3 + 4*u**2 + 7*u - 3. Let j(a) = a**2 - 9*a + 17. Let o be j(5). Let q = 1 - -1. Let c = q - o. What is b(c)?
7
Let v(b) = -7*b + b**2 - 3 - 2*b - 2*b**2. Let t = -3039 + 3031. Calculate v(t).
5
Let l(o) = -7*o - 6. Let n(d) = 8*d + 10. Let u(w) = 3*l(w) + 2*n(w). Let c(v) = -v**2 + 8*v - 5. Let t be c(7). Determine u(t).
-8
Suppose 27*z = -11*z + 304. Let m(f) = -f + 10. Determine m(z).
2
Let x(t) = t - 6. Let w be (-32)/80 + 172/5. Let j = w 